Let l = 47 - 46. Calculate k(l).
-8
Let q(h) = 4*h + 6*h + 4 + 11*h**2 + 2*h**3 - h**3 + 4. Calculate q(-10).
8
Let b(n) be the second derivative of -n**4/12 + 7*n**2/2 - 45*n. Calculate b(5).
-18
Let l(a) be the first derivative of a**4/4 + 4*a**3/3 + a + 2. Let q be (24/(-60))/((-1)/(-5)). Let c be (2 - q) + (-2 - 4). Calculate l(c).
9
Let g(w) = -w - 2. Let s(b) = -1. Let k(i) = -g(i) + 3*s(i). Let j(t) = -8*t + 6. Let v(f) = -j(f) - 5*k(f). What is v(-2)?
-7
Let t(z) = -2*z**2 + 2*z + 2. Let w be t(2). Let a be 2/((8/6)/w). Let q(n) = n**2 + 2*n + 2. Calculate q(a).
5
Let v(g) be the first derivative of g**4/4 - 3*g**3 - 5*g**2 - 3*g + 26. Give v(10).
-3
Let t = 16 + -10. Suppose 0 = 6*k - 3*k - t. Let f(a) = 0*a + a**2 + 5*a**k - 1 - a. What is f(-1)?
6
Let z = -75 - -73. Let j(q) = -q**2 + q + 2. What is j(z)?
-4
Let g(h) = 3*h**3 + h + 1. Suppose 6*l - 4*l = -2. Determine g(l).
-3
Let m(g) = -g**2 - g - 1. Let f be (-15)/25*(-16 - -1). Let r be -2 - (f/(-3) + 3). What is m(r)?
-3
Let r(i) = 3*i - 1. Let v be 4 + (-1 - (1 + 0)). Suppose -4*l + 6 = -v*n + n, -5*l = -5*n. What is r(n)?
5
Let w(y) be the second derivative of -1/2*y**3 - 1/60*y**5 + y + 0 - y**2 - 1/12*y**4. Let x(p) be the first derivative of w(p). Calculate x(-2).
-3
Let o(x) be the third derivative of x**5/60 + x**4/12 + 2*x**2. Calculate o(2).
8
Let r be 3/6 - (-3)/2. Suppose 0 = -r*p - 2*p + 2*t + 14, 0 = -2*t + 6. Let w(x) = x**2 - 4*x - 1. Calculate w(p).
4
Let y(n) be the first derivative of -n**3/3 - n**2/2 - 3*n + 10. Let z = -2 - -2. Give y(z).
-3
Let n(w) be the first derivative of 3 + w + 0*w**2 + 1/3*w**3. Calculate n(0).
1
Suppose 5*c - 4*q - 11 = 17, q - 3 = 0. Suppose 2*s = s - t, -c = 5*s + t. Let j(g) = 2*g**2 + 2*g + 3. Determine j(s).
7
Let y(s) be the first derivative of 2*s**2 - 16*s + 1. Suppose -6*t + 2*t - 8 = 0. Let i(f) = -f + 3. Let n(g) = t*y(g) - 11*i(g). What is n(1)?
2
Let z(v) = -33*v**3 - 1. Let h = -91 + 90. Calculate z(h).
32
Let u(r) = r**2 - 3*r - 5. Let l be u(4). Let s = 1 - l. Let z(m) = -4*m**2 + 3*m**2 - 5*m - s - 5. Give z(-5).
-7
Let l(b) = 25 - b - 14*b**2 - 43 + 18. What is l(-1)?
-13
Let g(z) = -2*z + 4. Let s be g(4). Let i be ((-6)/(-4))/(3/s). Let y be i/(-6) - (-16)/(-3). Let b(n) = -n**2 - 2*n + 6. What is b(y)?
-9
Let z be (-12)/(-8)*(-16)/(-6). Let u = z - 0. Suppose -1 = -u*y + 15. Let a(l) = -2*l**2 + 5*l + 2. Calculate a(y).
-10
Suppose -3*w = -0 + 15. Let y(o) = -3*o**2 + 4*o + 2*o**2 - o**3 - 3*o**2. Determine y(w).
5
Let s(m) = 4*m**3 + 2*m**2 - 2*m - 1. Let i be (-24)/9 - 6/(-9). Determine s(i).
-21
Let g(b) be the first derivative of -b**5/120 - b**4/4 - b**3/3 - 1. Let z(j) be the third derivative of g(j). Let h be (-1 - -1)/((-6)/6). What is z(h)?
-6
Let t = -111 - -117. Let f(c) = c - 5. Give f(t).
1
Let f be 1/((4/(-20))/(8/(-10))). Let w(x) = -x**3 + 5*x**2 - 6*x + 4. Calculate w(f).
-4
Let j(y) = 5 + y**2 + 12*y - 5*y + 8 - 5. Determine j(-6).
2
Let x(u) = 6*u + 16. Let h(s) = -7*s - 17. Let t(r) = 5*h(r) + 6*x(r). What is t(-8)?
3
Let l(z) = -2*z - 5*z**2 + 5*z**2 + 5*z**2 + 1. Let b = 3 + -2. Give l(b).
4
Let c(u) = 2 - 2*u**2 - 1 + 12*u**2. Let y(p) = p**3 - 3*p**2 + 3*p - 1. Let v be y(2). Determine c(v).
11
Let s(u) = u**3 + u + 1. Let h(z) = 3*z**3 - 4*z**2 + 1. Let a(m) = -h(m) + 4*s(m). What is a(-3)?
0
Suppose -2*c = 3*n - 19, 0 = -2*c - 2*n + n + 9. Let q = -9 + 14. Suppose 5*o + q*z + 25 = 0, -o - 5 = -0*o + c*z. Let a(g) = g**2 + 6*g + 7. Calculate a(o).
2
Let i(s) = -s**3 - 6*s**2 + s + 4. Let g be i(-6). Let w(c) = 2*c**2 - 4*c - 6. Let a(r) = 2*r**2 - 5*r - 7. Let h(f) = -4*a(f) + 5*w(f). What is h(g)?
6
Let s(g) = -g**3 - 3*g**2 - g + 1. Let y = 16 - 19. What is s(y)?
4
Let g(v) = 0*v + 24 - v + v**2 - 23. Calculate g(0).
1
Suppose 0 = -4*s + 10 - 6. Let u(w) = -9*w - 1. Let o(f) = 10*f + 2. Suppose -q + 12 = 3*q. Let y(c) = q*u(c) + 2*o(c). Give y(s).
-6
Let d(p) = -p**3 - 4*p**2 + 7*p + 1. Let j = -16 + 11. Give d(j).
-9
Let q(a) = -a + 1. Let b(y) be the first derivative of 2*y**2 - 9*y + 1. Let t(h) = b(h) + 3*q(h). Let k = -3 - -8. Determine t(k).
-1
Let u(s) be the third derivative of s**6/120 + s**5/10 + s**4/8 + s**3/2 + 13*s**2. Calculate u(-6).
-15
Let b(o) = -4*o + 2*o + 3*o + 4. Suppose t + 2*t + 30 = 5*r, -t = -2*r + 11. Determine b(t).
-1
Let x(w) = w**2 - w - 4. Let s be (-7)/(-2) - 6/(-12). Give x(s).
8
Let q(o) be the first derivative of o**3/3 + o**2/2 + 3*o + 8. Give q(0).
3
Suppose 0 = 2*y - 0*y + 8. Let n(h) be the first derivative of h**3/6 + 7*h**2/2 - 4*h - 4. Let d(f) be the first derivative of n(f). Determine d(y).
3
Let a be 1/1*(1 + -1). Let c(m) = -m - 1 + m**2 + 5 - 4 - 4. Give c(a).
-4
Let m(d) = 1. Let s(z) = -z + 2. Let j(w) = 2*m(w) - s(w). Suppose -5*x - 4 = -4*x - 2*c, 4 = -2*x + 3*c. Calculate j(x).
4
Let t(g) be the third derivative of -7*g**5/60 + g**4/24 - g**2. Let s be 7/(-21)*(1 - -2). Calculate t(s).
-8
Let d(m) = -9*m - 3. Let u(x) = 5*x + 1. Let i(k) = -4*d(k) - 7*u(k). Determine i(-6).
-1
Let b(g) be the second derivative of -g**4/12 - 2*g**3/3 + g**2/2 + 5*g. Give b(-3).
4
Let u(p) = 21*p + 15. Let t = -41 + 28. Let i(c) = 10*c + 7. Let b(a) = t*i(a) + 6*u(a). Let f be (-2 - -3)*-1*1. What is b(f)?
3
Let w(y) = -7*y - 2. Let n(r) = -23*r - 2. Let x(v) = -v + 1. Let j(m) = n(m) - 3*x(m). Let t(f) = 3*j(f) - 8*w(f). What is t(1)?
-3
Let w = -1 + 1. Let q be -6 + w + 5 + -3. Let o(s) = -s - 1 - 3*s - s**2 - 4 + 3. What is o(q)?
-2
Let s(m) = 2*m - 6. Let k be s(4). Suppose 0 = -z - k*z. Let j be 0/(1/(-1 - z)). Let i(o) = o**3 - o + 4. Give i(j).
4
Let j(h) = 9*h**3 - h**2 + h - 1. Let r = 14 + -10. Let v = -3 + r. Determine j(v).
8
Let l(s) = s**2 + 6*s + 3. Let m be l(-1). Let q(x) = 7*x - 2. Let t(f) = -8*f + 3. Let b(d) = 3*q(d) + 2*t(d). Calculate b(m).
-10
Let n = -2 - -5. Let a(w) = 4*w**3 + 2*w**n + 0*w - 3*w**2 + 4*w - 5*w**3 - 2. What is a(2)?
2
Let m(d) = -d**2 - 6*d + 2. Let s be 5 - (-2)/(-6)*3. Suppose 0 = 6*r - s*r + 12. Give m(r).
2
Suppose 4*r + 12 = 4*x, -x + 3*r + 19 = -2*r. Let k(p) = -5*p**2. Determine k(x).
-5
Let t(u) = 4*u. Let v be t(2). Suppose -3*r - 40 = -v*r. Let w(q) = 2 - 8 - 7*q + r*q. Determine w(3).
-3
Suppose l + 2*l - 6 = 0. Let d(o) = -l + 0 - 1 + 0*o + o. What is d(4)?
1
Suppose -5*i = -5*c + 40, 3*c - 16 = 2*i + 4. Let w be (0 + c)/(-1 + 2). Let a(r) = r**2 - 6*r + 2. Determine a(w).
-6
Let s(j) be the second derivative of -j**4/12 - j**3/6 + 3*j**2/2 - 62*j. Determine s(-3).
-3
Let m(w) = -w**2 - 5*w + 4. Let u(h) = -2*h**2 - 6*h + 5. Let p = -11 - -15. Let x(r) = p*m(r) - 3*u(r). Determine x(1).
1
Let l(s) = s**3 + 6*s**2 + 2*s + 7. Let g = -11 + 13. Let f be 884/(-143) + g/11. What is l(f)?
-5
Let r(x) be the third derivative of x**5/60 - 7*x**4/24 - x**3/3 + 25*x**2. Give r(6).
-8
Let j(o) = 2*o**2 + 5*o + 2. Suppose -6*z = 18 - 0. Determine j(z).
5
Let h(o) = -o**2 - 3*o + 0*o + 2*o + 4*o. Let r = 1 + -3. Let x be (1/r)/((-1)/6). What is h(x)?
0
Let x(j) = j**3 + j**2 + 1. Let r be x(0). Let p = 2 + 0. Let y(t) = t + 2 + p + r. Determine y(-5).
0
Let l(w) = 1. Let h(f) = -2*f + 3. Let x = 3 + 1. Let d(c) = x*l(c) + h(c). Determine d(5).
-3
Let x(r) = r**2 + r - 2. Suppose 10*b = 4*b + 54. Let o be ((-12)/b)/((-8)/(-12)). Calculate x(o).
0
Let k(h) = -2*h**3 + 17*h**2 + 10*h - 6. Let q be k(9). Let m(a) = -a**2 + 5*a - 2. What is m(q)?
4
Let c(n) = -n**2 + 3*n + 4. Let k(o) = 2*o**2 - 5*o - 7. Let j(q) = 5*c(q) + 3*k(q). Calculate j(2).
3
Let l(p) = p**2 + 8*p + 7. Let n = 54 + -32. Suppose n = -3*m + 4. Give l(m).
-5
Suppose 2*p = 5*p - 6. Let b(y) = 1 - 7*y + 4*y**p + y**2 - 4*y**2 + 0. What is b(5)?
-9
Let v be 5/(22/(-33)*3/(-2)). Let h(r) = -r**2 + 3*r + 6. What is h(v)?
-4
Let s(c) be the third derivative of 0 + 4/3*c**3 - c**2 + 0*c + 1/24*c**4. Determine s(-6).
2
Let w(f) = -f - 2. Let c(g) = -g - 3. Let l(r) = -6*c(r) + 10*w(r). Give l(-5).
18
Suppose -8 = -3*b + 4. Let j(i) = i**3 - 4*i**2 + i - 5. Calculate j(b).
-1
Let x(p) = -4*p**3 + 3*p**3 + 2 + 10*p - 5*p**2 - 3*p. Calculate x(-6).
-4
Let h be 0/(-5 - (-3 + -1)). Let i(n) = n - 3. Give i(h).
-3
Let y(w) be the second derivative of w**5/20 + w**4/3 - w**3/6 - w**2/2 + 27*w. Determine y(-4).
3
Let p(c) = -4*c. Suppose 0 = -4*m - 6*m + 